{"id":343,"date":"2026-04-06T19:12:44","date_gmt":"2026-04-06T17:12:44","guid":{"rendered":"https:\/\/poethick.com\/prototype\/?post_type=product&#038;p=343"},"modified":"2026-04-07T21:49:38","modified_gmt":"2026-04-07T19:49:38","slug":"lopuntia-huile-de-pepins-de-figues-de-barbarie-100-pure-poethick","status":"publish","type":"product","link":"https:\/\/poethick.com\/prototype\/produit\/lopuntia-huile-de-pepins-de-figues-de-barbarie-100-pure-poethick\/","title":{"rendered":"L\u2019Opuntia Huile de P\u00e9pins de Figues de Barbarie 100% Pure P\u00f4\u00c9thick"},"content":{"rendered":"<h2 dir=\"auto\">L\u2019histoire de L\u2019Opuntia<\/h2>\n<p dir=\"auto\">Aujourd&#8217;hui et pour les ann\u00e9es \u00e0 venir, la beaut\u00e9 authentique revient aux tr\u00e9sors les plus rares de la nature.<\/p>\n<p dir=\"auto\">Au c\u0153ur des paysages arides du Maroc, le figuier de barbarie transforme la s\u00e9cheresse en vitalit\u00e9 pure. Ses minuscules p\u00e9pins renferment un concentr\u00e9 si pr\u00e9cieux qu\u2019il faut pr\u00e8s d\u2019une tonne de fruits pour obtenir un seul litre d\u2019huile.<\/p>\n<p dir=\"auto\">PoEthick a choisi cette huile de p\u00e9pins de figues de barbarie pour son exceptionnelle puissance r\u00e9g\u00e9n\u00e9rante et son h\u00e9ritage ancestral. Nous collaborons avec des coop\u00e9ratives de femmes marocaines qui perp\u00e9tuent les m\u00e9thodes traditionnelles de culture et de r\u00e9colte, dans le plus grand respect de la terre et de la biodiversit\u00e9.<\/p>\n<p dir=\"auto\">L\u2019Opuntia incarne l\u2019huile du futur : rare, pure et profond\u00e9ment r\u00e9g\u00e9n\u00e9rante.<\/p>\n","protected":false},"excerpt":{"rendered":"<p dir=\"auto\">D\u00e9couvrez L\u2019Opuntia, l\u2019huile de p\u00e9pins de figues de barbarie P\u00f4\u00c9thick. 100% pure, press\u00e9e \u00e0 froid et originaire du Maroc, cette huile rare est un v\u00e9ritable \u00e9lixir anti-\u00e2ge. Elle hydrate en profondeur, r\u00e9duit rides et taches pigmentaires, et illumine le teint. Id\u00e9ale pour tous les types de peau, m\u00eame matures et sensibles.<\/p>\n","protected":false},"featured_media":385,"comment_status":"open","ping_status":"closed","template":"","meta":{"_kad_blocks_custom_css":"","_kad_blocks_head_custom_js":"","_kad_blocks_body_custom_js":"","_kad_blocks_footer_custom_js":""},"product_brand":[],"product_cat":[17],"product_tag":[],"class_list":{"0":"post-343","1":"product","2":"type-product","3":"status-publish","4":"has-post-thumbnail","6":"product_cat-non-classe","8":"first","9":"instock","10":"shipping-taxable","11":"purchasable","12":"product-type-simple"},"taxonomy_info":{"product_cat":[{"value":17,"label":"Non class\u00e9"}]},"featured_image_src_large":["https:\/\/poethick.com\/prototype\/wp-content\/uploads\/2026\/04\/Opuntia.avif",1000,1000,false],"author_info":[],"comment_info":0,"_links":{"self":[{"href":"https:\/\/poethick.com\/prototype\/wp-json\/wp\/v2\/product\/343","targetHints":{"allow":["GET"]}}],"collection":[{"href":"https:\/\/poethick.com\/prototype\/wp-json\/wp\/v2\/product"}],"about":[{"href":"https:\/\/poethick.com\/prototype\/wp-json\/wp\/v2\/types\/product"}],"replies":[{"embeddable":true,"href":"https:\/\/poethick.com\/prototype\/wp-json\/wp\/v2\/comments?post=343"}],"wp:featuredmedia":[{"embeddable":true,"href":"https:\/\/poethick.com\/prototype\/wp-json\/wp\/v2\/media\/385"}],"wp:attachment":[{"href":"https:\/\/poethick.com\/prototype\/wp-json\/wp\/v2\/media?parent=343"}],"wp:term":[{"taxonomy":"product_brand","embeddable":true,"href":"https:\/\/poethick.com\/prototype\/wp-json\/wp\/v2\/product_brand?post=343"},{"taxonomy":"product_cat","embeddable":true,"href":"https:\/\/poethick.com\/prototype\/wp-json\/wp\/v2\/product_cat?post=343"},{"taxonomy":"product_tag","embeddable":true,"href":"https:\/\/poethick.com\/prototype\/wp-json\/wp\/v2\/product_tag?post=343"}],"curies":[{"name":"wp","href":"https:\/\/api.w.org\/{rel}","templated":true}]}}